{"id":96,"date":"2022-12-20T11:48:54","date_gmt":"2022-12-20T11:48:54","guid":{"rendered":"https:\/\/www.h-d-h.de\/?page_id=96"},"modified":"2025-04-12T23:46:50","modified_gmt":"2025-04-12T23:46:50","slug":"links","status":"publish","type":"page","link":"https:\/\/www.h-d-h.de\/?page_id=96","title":{"rendered":"Links"},"content":{"rendered":"\n<figure class=\"wp-block-image\"><a class=\"\" href=\"http:\/\/www.siebenbuerger.de\" target=\"_blank\" rel=\"noreferrer noopener\"><img decoding=\"async\" src=\"assets\/images\/siebenbuergen-250x313.png\" alt=\"Siebenb\u00fcrger Sachsen\"\/><\/a><\/figure>\n\n\n\n<h5 class=\"wp-block-heading\"><strong>Verband der Siebenb\u00fcrger Sachsen in Deutschland e.V.<\/strong><\/h5>\n\n\n\n<p><a href=\"http:\/\/www.siebenbuerger.de\" target=\"_blank\" rel=\"noreferrer noopener\">Link&nbsp;&gt;<\/a><\/p>\n\n\n\n<figure class=\"wp-block-image\"><a class=\"\" href=\"http:\/\/www.forumhermannstadt.ro\" target=\"_blank\" rel=\"noreferrer noopener\"><img decoding=\"async\" src=\"assets\/images\/hermannstadt-250x313.png\" alt=\"Forum Hermannstadt\"\/><\/a><\/figure>\n\n\n\n<h5 class=\"wp-block-heading\"><strong>Demokratisches Forum der Deutschen in Hermannstadt<\/strong><\/h5>\n\n\n\n<p><a href=\"http:\/\/www.forumhermannstadt.ro\" target=\"_blank\" rel=\"noreferrer noopener\">Link &gt;<\/a><\/p>\n\n\n\n<figure class=\"wp-block-image\"><a class=\"\" href=\"http:\/\/www.schloss-horneck.de\" target=\"_blank\" rel=\"noreferrer noopener\"><img decoding=\"async\" src=\"assets\/images\/schloss-horneck-250x313.png\" alt=\"Schloss Horneck\"\/><\/a><\/figure>\n\n\n\n<h5 class=\"wp-block-heading\"><strong>Siebenb\u00fcrgisches Kultur- und Begenungszentrum Schloss Horneck<\/strong><\/h5>\n\n\n\n<p><a href=\"http:\/\/www.schloss-horneck.de\" target=\"_blank\" rel=\"noreferrer noopener\">Link &gt;<\/a><\/p>\n\n\n\n<figure class=\"wp-block-image\"><a class=\"\" href=\"http:\/\/www.la-sib.de\" target=\"_blank\" rel=\"noreferrer noopener\"><img decoding=\"async\" src=\"assets\/images\/la-sib-1-250x313.png\" alt=\"Freundeskreis La-Sib\"\/><\/a><\/figure>\n\n\n\n<h5 class=\"wp-block-heading\"><strong>Freundeskreis Landshut &#8211; Sibiu\/Hermannstadt<\/strong><\/h5>\n\n\n\n<p><a href=\"http:\/\/www.la-sib.de\" target=\"_blank\" rel=\"noreferrer noopener\">Link &gt;<\/a><\/p>\n\n\n\n<figure class=\"wp-block-image\"><a class=\"\" href=\"http:\/\/www.sibiu.ro\" target=\"_blank\" rel=\"noreferrer noopener\"><img decoding=\"async\" src=\"assets\/images\/sibiu-250x313.png\" alt=\"Sibiu\"\/><\/a><\/figure>\n\n\n\n<h5 class=\"wp-block-heading\"><strong>Primaria Municipiului Sibiu<\/strong><\/h5>\n\n\n\n<p><a href=\"http:\/\/www.sibiu.ro\" target=\"_blank\" rel=\"noreferrer noopener\">Link &gt;<\/a><\/p>\n\n\n\n<figure class=\"wp-block-image\"><a class=\"\" href=\"http:\/\/www.evang.ro\/hermannstadt\" target=\"_blank\" rel=\"noreferrer noopener\"><img decoding=\"async\" src=\"assets\/images\/ev-kirche-250x313.png\" alt=\"Ev. Kirchengemeinde\"\/><\/a><\/figure>\n\n\n\n<h5 class=\"wp-block-heading\"><strong>Evangelische Kirchengemeinde A.B. Hermannstadt<\/strong><\/h5>\n\n\n\n<p><a href=\"http:\/\/www.evang.ro\/hermannstadt\" target=\"_blank\" rel=\"noreferrer noopener\">Link &gt;<\/a><\/p>\n\n\n\n<figure class=\"wp-block-image\"><a class=\"\" href=\"https:\/\/www.hermannstaedter.ro\" target=\"_blank\" rel=\"noreferrer noopener\"><img decoding=\"async\" src=\"assets\/images\/h-zeitung-2-308x92.png\" alt=\"Hermannst\u00e4dter Zeitung\"\/><\/a><\/figure>\n\n\n\n<h5 class=\"wp-block-heading\"><strong>Hermannst\u00e4dter Zeitung<\/strong><\/h5>\n\n\n\n<p><a href=\"http:\/\/www.hermannstaedter.ro\" target=\"_blank\" rel=\"noreferrer noopener\">Link &gt;<\/a><\/p>\n\n\n\n<figure class=\"wp-block-image\"><a class=\"\" href=\"http:\/\/www.adz.ro\" target=\"_blank\" rel=\"noreferrer noopener\"><img decoding=\"async\" src=\"assets\/images\/allgemeine-zeitung-400x400.jpg\" alt=\"Allgemeine Deutsche Zeitung\"\/><\/a><\/figure>\n\n\n\n<h5 class=\"wp-block-heading\"><strong>Allgemeine Deutsche Zeitung<\/strong><\/h5>\n\n\n\n<p><a href=\"http:\/\/www.adz.ro\" target=\"_blank\" rel=\"noreferrer noopener\">&nbsp;Link &gt;<\/a><\/p>\n\n\n\n<figure class=\"wp-block-image\"><a class=\"\" href=\"http:\/\/www.vgss.de\" target=\"_blank\" rel=\"noreferrer noopener\"><img decoding=\"async\" src=\"assets\/images\/wappen-genealogie-158x158.png\" alt=\"VGSS\"\/><\/a><\/figure>\n\n\n\n<h5 class=\"wp-block-heading\"><strong>Verein f\u00fcr Genealogie der Siebenb\u00fcrger Sachsen e.V.<\/strong><\/h5>\n\n\n\n<p><a href=\"http:\/\/www.vgss.de\" target=\"_blank\" rel=\"noreferrer noopener\">&nbsp;Link &gt;<\/a><\/p>\n\n\n\n<figure class=\"wp-block-image\" style=\"width: 40%;\">\n  <a class=\"\" href=\"https:\/\/h-d-h.de\/\">\n    <img decoding=\"async\" src=\"https:\/\/www.h-d-h.de\/wp-content\/uploads\/2025\/04\/IMG_3878.png\" alt=\"Mobirise\" title=\"\" style=\"width: 100%; height: auto;\" \/>\n  <\/a>\n<\/figure>\n\n\n\n<p>l<\/p>\n","protected":false},"excerpt":{"rendered":"<p>Verband der Siebenb\u00fcrger Sachsen in Deutschland e.V. Link&nbsp;&gt; Demokratisches Forum der Deutschen in Hermannstadt Link &gt; Siebenb\u00fcrgisches Kultur- und Begenungszentrum Schloss Horneck Link &gt; Freundeskreis Landshut &#8211; Sibiu\/Hermannstadt Link &gt; Primaria Municipiului Sibiu Link &gt; Evangelische Kirchengemeinde A.B. Hermannstadt Link &gt; Hermannst\u00e4dter Zeitung Link &gt; Allgemeine Deutsche Zeitung &nbsp;Link &gt; Verein f\u00fcr Genealogie der Siebenb\u00fcrger Sachsen e.V. &nbsp;Link &gt; l<\/p>\n","protected":false},"author":1,"featured_media":0,"parent":52,"menu_order":0,"comment_status":"closed","ping_status":"closed","template":"","meta":{"footnotes":""},"class_list":["post-96","page","type-page","status-publish","hentry"],"jetpack_sharing_enabled":true,"_links":{"self":[{"href":"https:\/\/www.h-d-h.de\/index.php?rest_route=\/wp\/v2\/pages\/96","targetHints":{"allow":["GET"]}}],"collection":[{"href":"https:\/\/www.h-d-h.de\/index.php?rest_route=\/wp\/v2\/pages"}],"about":[{"href":"https:\/\/www.h-d-h.de\/index.php?rest_route=\/wp\/v2\/types\/page"}],"author":[{"embeddable":true,"href":"https:\/\/www.h-d-h.de\/index.php?rest_route=\/wp\/v2\/users\/1"}],"replies":[{"embeddable":true,"href":"https:\/\/www.h-d-h.de\/index.php?rest_route=%2Fwp%2Fv2%2Fcomments&post=96"}],"version-history":[{"count":7,"href":"https:\/\/www.h-d-h.de\/index.php?rest_route=\/wp\/v2\/pages\/96\/revisions"}],"predecessor-version":[{"id":353,"href":"https:\/\/www.h-d-h.de\/index.php?rest_route=\/wp\/v2\/pages\/96\/revisions\/353"}],"up":[{"embeddable":true,"href":"https:\/\/www.h-d-h.de\/index.php?rest_route=\/wp\/v2\/pages\/52"}],"wp:attachment":[{"href":"https:\/\/www.h-d-h.de\/index.php?rest_route=%2Fwp%2Fv2%2Fmedia&parent=96"}],"curies":[{"name":"wp","href":"https:\/\/api.w.org\/{rel}","templated":true}]}}